 the highest common divisor of x and i.
5
Suppose r + 4*x = 301, 0*x - 1189 = -4*r - x. Suppose 0 = -w + 2, l = -0*l - 4*w + 35. What is the greatest common factor of l and r?
27
Let n = 269 - 117. What is the highest common factor of n and 8?
8
Suppose 2*g = -z + 59, -2*z + 3*g - 43 + 140 = 0. What is the highest common divisor of z and 53?
53
Let m(i) = 9*i - 7. Let q be m(4). Let p = q + -13. What is the highest common factor of p and 48?
16
Let m = 2 + 1. Suppose 5*i = 5*d + 45, 0*i + d = m*i - 21. Calculate the greatest common divisor of 54 and i.
6
Suppose 16 = -i + 41. Suppose -i*s + 6 = -23*s. Calculate the highest common factor of 33 and s.
3
Suppose -15*d = -19*d + 392. What is the greatest common divisor of 154 and d?
14
Let i(j) = 6*j**2 + j - 2. Let a be i(2). Let u be 6/(-8)*8/(-3). Let g = u - -2. Calculate the highest common factor of a and g.
4
Let k be (-1 + (-5601)/6)*(-22 + 20). What is the highest common divisor of k and 21?
21
Let t be (-3)/(-3) + 1*4. Suppose 0*a + t*a = 10. Suppose -a*c - 12 = -4*c. Calculate the greatest common divisor of c and 36.
6
Let o(q) = -q**3 + 5*q**2 - 6*q + 6. Let g be o(4). Let c be (-28)/12*(-57)/1 - g. What is the greatest common divisor of c and 54?
27
Suppose -86 = 3*m + y, -y - 90 = 3*m + 2*y. Let v = m - -33. Suppose 0 = v*h - 4 - 101. What is the greatest common factor of 168 and h?
21
Let w = 21 + -24. Let l be 9 + -3 + w + 28. Let h be l - (1 + 6/(-3)). What is the greatest common divisor of h and 80?
16
Suppose 2*a + 4 = -2. Let v(m) = -2 - 65*m + 1 + 2. Let b be v(a). Calculate the greatest common factor of 28 and b.
28
Let k = -132 + 199. Calculate the greatest common factor of k and 201.
67
Let k = 147 + -42. Let f be ((-42)/(-5))/(3/k). Calculate the greatest common divisor of 42 and f.
42
Let m = -4 - -20. Let x(l) = -112*l**3 + l + 1. Let h be x(-1). What is the highest common divisor of h and m?
16
Suppose -12*h - 4*g = -13*h + 23, 5*g + 40 = 2*h. Suppose -3 = -0*r + r - 3*z, 3*r - 3*z - 3 = 0. Calculate the highest common divisor of h and r.
3
Let f be ((-192)/20 + 2)/((-7)/35). Calculate the highest common divisor of 19 and f.
19
Suppose 0 = -46*r + 44*r - 186. Let d = -43 - r. Calculate the highest common divisor of 50 and d.
50
Let i(c) = -2*c**2 + 29*c - 85. Let d be i(6). Let m be 374/8*-1*-4. Calculate the highest common divisor of m and d.
17
Let o = 14 - 13. Let z be -2*11 + o + -3. Let q = z - -34. What is the greatest common divisor of q and 5?
5
Let m = -90 + 202. Calculate the greatest common divisor of m and 84.
28
Let l be (-10944)/(-81) + 9 + 1/(-9). What is the greatest common divisor of 32 and l?
16
Let m be (-2)/(12/26)*-12. Let l be (-4563)/78*8/(-36). What is the highest common factor of l and m?
13
Suppose -9*m = m + 800. Let l be (-70)/(-4)*m/(-70). What is the greatest common factor of l and 140?
20
Let s be (30/4)/((-10)/(-4) - 2). Suppose 1452 = -4*v + s*v. What is the highest common divisor of 12 and v?
12
Suppose 3*l + 0*o - 28 = -2*o, 2*o = -l + 8. Calculate the highest common factor of 4 and l.
2
Let c(z) = -25*z + 389. Let a be c(9). Calculate the highest common factor of a and 123.
41
Suppose -2*o - 57 = -0*h - 5*h, 5 = -5*o. Suppose 204 = 11*q + 1810. Let m = 157 + q. What is the greatest common factor of h and m?
11
Suppose 4*m + 2*r = -115 + 665, m + r - 140 = 0. Let b = m - 114. What is the highest common factor of 7 and b?
7
Let q = -13 + 34. Let g be 9/((9/(-7))/(-3)). Calculate the highest common divisor of q and g.
21
Suppose -2*r + 4 + 2 = 4*u, 4*u - 5*r + 15 = 0. Suppose u = 11*q - 3*q - 16. Calculate the highest common factor of 18 and q.
2
Suppose -d - 2*h + 13 = 0, 5*d - 4*h - 78 = -h. Suppose 2*y - 3536 = -d*y. What is the greatest common divisor of y and 52?
52
Let h(c) = 2*c + 40. Let x be h(-11). Suppose 2*m + 72 = -m. Let q = m + 150. What is the greatest common divisor of x and q?
18
Suppose 5*s - 742 - 108 = 0. Let n = s + -30. Suppose 236*t + 131 - 456 - 4395 = 0. Calculate the highest common divisor of t and n.
20
Let o = 1420 + -988. What is the highest common factor of 27 and o?
27
Suppose 7 = s - 8. Let b(i) = i**3 + 10*i**2 + 16*i + 75. Let p be b(-8). What is the greatest common factor of p and s?
15
Let i(f) = 5*f. Let z be i(6). Let x = -26 - -26. Suppose j + 4*k - 330 = x, 0 = -j - 3*k + 36 + 294. Calculate the greatest common divisor of z and j.
30
Let d(j) = 4*j**3 + 20*j**2 - 8*j - 6. Let b be d(-5). What is the highest common factor of 12 and b?
2
Let g(n) = 3*n**3 - n**2 + 2*n - 2. Let y be g(3). Suppose 2*x + 20 = 58. What is the highest common divisor of y and x?
19
Let t(h) be the third derivative of -h**6/120 - h**5/10 - h**4/12 - h**3 + h**2. Let m be t(-6). Calculate the greatest common factor of m and 4.
2
Let t(a) = 2*a**2 - 15*a - 9. Let p be t(8). Let u(g) = -74*g + 2. Let o be u(p). Let k = -40 + 59. Calculate the greatest common factor of o and k.
19
Suppose 0 = 4*r - 2*r - 8. Suppose 5*n - r*o - 532 = 0, o = -n + 6*n - 538. Let l be ((-6)/5)/((-18)/180). What is the greatest common factor of l and n?
12
Suppose -3*a + 14 + 1 = 0. Suppose a + 1 = 6*f. What is the greatest common factor of 5 and f?
1
Let a be 76/11 - (-19)/209. What is the highest common divisor of 3 and a?
1
Let k(d) = 50*d**2 + 3*d + 3. Let w be k(-1). Suppose -3*g + 8*g - 170 = 0. Suppose 5*m - 16 = g. Calculate the greatest common factor of w and m.
10
Let n = 666 + 71. What is the highest common divisor of n and 335?
67
Suppose -4*o + 19 = 5*u, -3*u + 45 = 5*o - u. Calculate the greatest common divisor of 176 and o.
11
Let o = -69 - -93. What is the highest common factor of o and 456?
24
Suppose -452 = -3*s + 118. What is the greatest common factor of 38 and s?
38
Suppose 4*g - 241 = 5*u, 14*u - 250 = -5*g + 10*u. What is the highest common divisor of 1107 and g?
27
Let x(j) = -11*j - 27. Suppose 4*g - 2 + 50 = 0. Let w be x(g). What is the highest common factor of w and 15?
15
Suppose 0 = u - 5*h - 98 - 57, -5*u - 3*h + 831 = 0. Calculate the greatest common factor of 45 and u.
15
Let d(q) = q**3 - q**2 - 2*q + 2. Let o be d(2). Let w(y) = 6 + 3 - 1 + y - 1. Let u be w(-6). What is the greatest common divisor of o and u?
1
Suppose 4*h = 4*q - 120, 3*q = -q + 3*h + 120. Let a(z) = z**2 + 80*z + 1446. Let k be a(-53). Calculate the highest common divisor of q and k.
15
Let x(y) = -130*y - 242. Let a be x(-5). Calculate the greatest common factor of a and 24.
24
Let d(t) = t**2 + 39*t + 82. Let x be d(-39). What is the greatest common factor of 82 and x?
82
Suppose -5*o + 0*o = -95. Let a = 1961 + -1657. What is the greatest common factor of o and a?
19
Let p(m) = -2*m**3 + 2*m**2 + 2*m. Let y be p(2). Let a(s) = 12*s**2 - 7*s - 10. Let x be a(y). What is the greatest common factor of 30 and x?
30
Let u = -1641 + 1667. Calculate the greatest common divisor of 1391 and u.
13
Suppose a - 64 = -2*s, -5*a = 4*s - 7*a - 112. What is the highest common divisor of s and 570?
30
Suppose 61*b - 64*b - 4*l + 1388 = 0, 2321 = 5*b - l. Calculate the highest common divisor of 58 and b.
58
Suppose -4346*p + 4354*p - 1232 = 0. Calculate the highest common divisor of 110 and p.
22
Suppose 95*f - 105515 + 30370 = 0. Calculate the highest common divisor of f and 113.
113
Let q(j) = 2*j + 20. Let h be q(-9). Suppose z + 4*x = x + 266, -z + 269 = h*x. Calculate the greatest common divisor of z and 25.
25
Let u = 897 + -822. Calculate the highest common factor of u and 125.
25
Let g = 2 - -16. Calculate the greatest common factor of g and 24.
6
Let v be 324/(-12)*(2 - (-7)/(-3)). Let a be 20/9 + (-2)/v. Calculate the greatest common divisor of 5 and a.
1
Suppose 0 = 5*r + 20, -5*r = -t + 2*t + 26. Let y be (-4)/t*(1 + -94). Let b = -29 - y. Calculate the highest common divisor of 3 and b.
3
Let g be -5 - (-2 - -3)*0. Let q be (-9)/(-1)*(4 + g). Let y be (q/((-27)/(-48)))/(-2). What is the greatest common factor of y and 12?
4
Let b = -33 - -89. What is the greatest common factor of b and 42?
14
Let p = -12 + 82. Let k be (-33 + 5)/(-3 - -1). Calculate the highest common factor of k and p.
14
Suppose 18*a - 412 - 4340 = 0. Calculate the highest common divisor of a and 24.
24
Let x = 144 - 41. Suppose -23 + x = 5*j. Calculate the highest common f